 1. What is the greatest common divisor of 7 and i?
1
Let n be (4/5)/2 - (-564)/15. Calculate the greatest common factor of n and 418.
38
Let z = 2 + -8. Let l be (-33)/(-22)*(-8)/z. Calculate the highest common divisor of 1 and l.
1
Let s(w) = -w**2 + 3*w + 8. Let q be s(0). What is the greatest common factor of 12 and q?
4
Let p(n) = n**3 + 13*n**2 - 17*n - 21. Let l be p(-14). What is the greatest common divisor of l and 7?
7
Let z(a) = -a**2 - 8*a + 2. Let l be z(-8). Suppose -l = 3*i - 4*i. Suppose 1 = r + o - 0, 0 = 4*r - o - 19. Calculate the greatest common divisor of i and r.
2
Suppose 0*z + 5*z - 10 = 0. Suppose -h - h = -34. Suppose -z*g - 1 = -h. Calculate the greatest common divisor of g and 88.
8
Suppose 2*o = -2*o. Suppose -16 = -4*z - o*z. Calculate the highest common factor of 6 and z.
2
Let y(a) = -a**3 - 6*a**2 - 2*a - 7. Let u be y(-6). Suppose u*w - 43 = -18. Calculate the highest common divisor of 35 and w.
5
Let h(o) be the third derivative of 7*o**4/24 + o**3/6 + 4*o**2. Let y be h(-4). Let g = y + 46. Calculate the greatest common factor of g and 57.
19
Let v = -3 + 20. Let a be v/(15/12 + -1). Suppose 7*u - 3*u - a = 0. Calculate the highest common divisor of u and 17.
17
Suppose 50 = 4*z - 190. What is the highest common factor of 15 and z?
15
Suppose 3*f + w - 2 - 89 = 0, 0 = -2*f - 3*w + 63. Let g = -61 + 136. Calculate the highest common factor of f and g.
15
Let f(n) = 5*n + 3. Let t be f(1). Calculate the highest common divisor of t and 1.
1
Let x be (7/(-3))/(8/432*-3). What is the greatest common divisor of 21 and x?
21
Let d be 3 + ((-4)/(-4) - 2). Suppose 3*a + 57 + 147 = 3*h, -d*a = 4*h - 284. What is the greatest common factor of h and 10?
10
Let o be 4/6 + (-64)/(-3). Let u = 46 - o. Suppose 0 = -4*s, 2*y + y - 3*s = 24. Calculate the highest common divisor of y and u.
8
Suppose 52 = 4*v - 8. What is the highest common factor of 120 and v?
15
Let d(p) = -p**3 - 2*p**2 - 6*p - 6. Let i = -6 + 10. Suppose 2*b + 4*g - 30 = i*b, 0 = g - 5. Let w be d(b). What is the greatest common divisor of w and 9?
9
Let g(l) = 11*l + 1. Let y be g(1). Suppose -4 = -2*u + y. Calculate the highest common factor of 4 and u.
4
Let z(d) = -d**2 - 8*d + 3. Let h be z(-8). Suppose y + 0 = -2*p + 14, 2*y = -3*p + 27. What is the greatest common divisor of y and h?
3
Suppose -23*v + 20*v = -78. What is the greatest common factor of 39 and v?
13
Suppose 82*z = 84*z - 40. Calculate the highest common factor of z and 20.
20
Let w(g) = -18*g. Let s be w(-12). Calculate the greatest common divisor of 24 and s.
24
Suppose 2*y = 13 - 3. Suppose 0*g - 2 = -y*g - 2*q, -3*g = 3*q + 6. Calculate the highest common factor of g and 5.
1
Let f be (176/(-40))/(4/(-50)). Suppose 4*d = 4*k + 28, 0 = 3*d - 0*d - 5*k - 31. Let i be (-3)/(-6)*11*d. Calculate the highest common factor of i and f.
11
Suppose -2*p - 61 = -7*p - k, -p = k - 13. Let y = -1 + p. Calculate the highest common factor of 88 and y.
11
Suppose 4*s = -s + 10. Suppose j - s*j = -3. What is the highest common divisor of 3 and j?
3
Suppose j + 2 = 6. Suppose -5 = -4*f + 23. Let u be j/(-10) - f/(-5). What is the highest common divisor of 11 and u?
1
Let q(d) = -d**2 + d + 25. Let c be q(0). Let o = c - 17. Calculate the greatest common factor of o and 40.
8
Suppose o + 2*o + y - 170 = 0, 295 = 5*o + 4*y. Suppose 1 = -g + 6. Calculate the highest common divisor of g and o.
5
Let c(a) = -a**3 - 3*a**2. Let k be c(-3). Suppose k = 4*y - 9*y + 550. Calculate the greatest common factor of y and 10.
10
Let q(c) = 2*c - 4. Let u(l) = l + 6. Let a be u(-3). Let z be q(a). Suppose -i - 4 = -z*i. What is the greatest common divisor of 10 and i?
2
Suppose -4*t + 2*j + 4 = 0, 3*j - 3 - 1 = t. Calculate the greatest common divisor of t and 4.
2
Suppose 3*y = -y + 2*o - 152, 5*o = -3*y - 127. Let m be ((-2)/(-3))/((-2)/y). Suppose -2*s - 17 = -69. What is the greatest common divisor of m and s?
13
Let v(i) be the first derivative of 4*i**3/3 - 5*i**2/2 + 6*i - 4. Let o be v(4). Suppose 8*b - 100 = 3*b. What is the greatest common divisor of b and o?
10
Suppose -1 = -2*o - 3*a, 0 = -5*o - 3*a - 14 + 3. Let j be o/6 + (-260)/(-30). What is the highest common divisor of 88 and j?
8
Suppose -3*t - y = -11, y - 6 + 0 = -2*t. Suppose -2*d + 7*u - 2*u + 27 = 0, -1 = -d + t*u. What is the greatest common factor of 104 and d?
26
Let r(o) = -2*o - 1. Let y be r(-8). Suppose i - 198 = 3*k - 69, 0 = -5*i - 4*k + 588. Calculate the highest common divisor of y and i.
15
Let r = -296 - -439. Calculate the greatest common factor of r and 13.
13
Let b(i) = 4*i + 2. Let a be b(-2). Let z be ((-6)/(-5))/(a/(-75)). What is the greatest common factor of z and 45?
15
Let m(x) = 12*x**2 + 2*x + 1. Let v be m(-2). Suppose v = 5*d - 105. What is the highest common factor of 15 and d?
15
Suppose 0 = -l - 4*l + 60. Let a(b) be the first derivative of b**3 - 2*b**2 + b + 6. Let v be a(-5). Calculate the highest common factor of l and v.
12
Let u(i) = 2*i**2 + 10*i - 6. Let h be u(-6). Calculate the greatest common divisor of h and 66.
6
Let n be ((-6)/(-21))/((-5)/(-35)). What is the highest common factor of 16 and n?
2
Suppose -3*v = -5*v. Suppose v = 2*k - 3*k + 3. Suppose k*n + 4*f - 96 = 0, -71 = -4*n - 3*f + 50. What is the highest common factor of 42 and n?
14
Let f(c) be the first derivative of -c**2/2 + 3*c - 3. Let x be f(-5). Suppose x - 44 = -4*k. Calculate the greatest common divisor of k and 36.
9
Let y = 83 + 70. What is the highest common divisor of y and 17?
17
Let p(i) = 20*i**2 + 2*i - 2. Let q be p(1). What is the highest common factor of q and 5?
5
Suppose 0 = -4*t - 5*m + 40, -4*t - 2*m + 1 = -27. Suppose 2 = -y + t. Let w(f) = 6*f + 3. Let d be w(y). What is the greatest common divisor of 168 and d?
21
Suppose 4*f + 4*t = -5 + 953, -4*t = 5*f - 1188. Calculate the highest common divisor of f and 12.
12
Let z(c) = c**3 - 6*c**2 - 6*c - 3. Let w be z(7). Suppose -4*o - 14 = -2. Let h be (o + (-39)/(-9))*3. What is the greatest common factor of w and h?
4
Let w = 184 + -52. What is the highest common factor of 12 and w?
12
Suppose -f - b + 35 = 0, -2*b = -3*f + 107 + 23. Let t = 13 - 8. Calculate the highest common factor of t and f.
5
Let d = 15 - 10. Suppose d*z - 95 = -6*x + 3*x, -5*x = z + 3. What is the greatest common factor of 33 and z?
11
Let v(y) = -y**3 + 5*y**2 + 8*y - 6. Let c be v(6). Calculate the greatest common divisor of 42 and c.
6
Let z(v) = -3*v**3 - 4*v**2 - 3*v + 1. Let d be z(-3). Let m be 24 + 1 + (1 - 4). Calculate the highest common factor of m and d.
11
Let n be -20*(0 - 1)/1. Let c be ((-13)/(-26))/((-2)/(-12)). Let i be 20*(-5)/(-8 + c). What is the highest common divisor of i and n?
20
Let q(r) = -67*r**3 + r**2 + 2*r + 1. Let d be q(-1). Let x = 172 - d. What is the greatest common divisor of 15 and x?
15
Suppose 3*y - 7*y - 36 = 0. Let a = 81 + y. What is the greatest common factor of 9 and a?
9
Suppose 0 = -5*t + 4*u + 280, -3*t - u + 175 = -2*u. Calculate the greatest common divisor of 15 and t.
15
Let g be (-3)/(-12) - 69/(-12). Let b be 88/6 + 2/g. Let o = 25 - b. What is the highest common factor of 10 and o?
10
Suppose v = 9 + 10. Calculate the greatest common divisor of v and 95.
19
Let d = 3 + -2. Suppose 0*w = w - 2. Let o be -1 + w + -2 - -10. What is the greatest common factor of o and d?
1
Suppose -3*f + 12 = 0, -4*b + 2*f + f + 308 = 0. What is the highest common factor of 16 and b?
16
Suppose 36 = 6*g - 954. What is the highest common factor of 15 and g?
15
Suppose 5*w = c, -w = 3*c - 6*w. Suppose c = -p + 6*p. Suppose -y = -p*y - 40. Calculate the highest common divisor of y and 16.
8
Let u = -12 + 22. Suppose -4*g = 4*p - 0*g - 356, -4*p = -4*g - 364. Calculate the greatest common factor of p and u.
10
Let l(k) = 2*k**2 - 1. Let c be l(-1). Let u be (-2 - (c - 1)) + 145. What is the greatest common factor of u and 13?
13
Suppose 5*h - 2*o - 3*o = 60, 5*o - 30 = -4*h. Calculate the highest common factor of 80 and h.
10
Let l = -15 + 28. Suppose 4*y + n - 366 = -0*n, 2*n - 186 = -2*y. Calculate the greatest common divisor of y and l.
13
Suppose -4*d - 2 = -18. Suppose 3*c + d*w - 32 = 3*w, w = 5*c - 64. What is the highest common factor of 120 and c?
12
S